de 932151071?
False
Is 21 a factor of 1680166383?
True
Is 583 a factor of 788216?
True
Is 21 a factor of 87464835?
False
Is 18649668 a multiple of 3?
True
Is 4640 a factor of 275038998?
False
Does 11 divide 353761429?
False
Is 18 a factor of 385858206?
True
Does 147 divide 3895457370?
True
Does 18 divide 163561896?
True
Does 20 divide 30571100?
True
Is 450840480 a multiple of 460?
True
Is 3420909847 a multiple of 286?
False
Does 2270 divide 152058220?
True
Is 510 a factor of 195356418?
False
Is 3269820 a multiple of 3?
True
Does 1443 divide 61320906?
False
Is 31789289 a multiple of 161?
True
Is 5013348956 a multiple of 274?
True
Is 750 a factor of 2403713250?
True
Is 29 a factor of 47412448?
True
Is 22 a factor of 214340781?
False
Does 176 divide 491165136?
True
Is 370 a factor of 3086938490?
True
Is 611 a factor of 346738529?
False
Is 582306243 a multiple of 57?
True
Is 94 a factor of 10098376?
False
Is 2483 a factor of 308055878?
True
Does 292 divide 57292944?
False
Is 207 a factor of 41177282?
False
Is 29800964 a multiple of 652?
True
Does 131 divide 205329777?
False
Is 11400 a factor of 2460816501?
False
Is 28107764 a multiple of 2698?
True
Is 245 a factor of 221599743?
False
Is 3 a factor of 132625774?
False
Is 1188 a factor of 1210298738?
False
Does 2679 divide 144813345?
True
Is 36 a factor of 186653130?
False
Is 185978484 a multiple of 2862?
True
Is 12 a factor of 897057566?
False
Is 153186453 a multiple of 177?
False
Is 2441 a factor of 15509851?
False
Is 113 a factor of 46194604?
False
Is 55718635 a multiple of 3065?
True
Does 80 divide 55507040?
True
Does 24 divide 242942760?
True
Does 316 divide 785781304?
False
Is 36163503 a multiple of 27?
True
Is 667 a factor of 83502396?
False
Is 131264838 a multiple of 513?
False
Does 28 divide 102728612?
True
Is 35401094 a multiple of 302?
False
Is 14514780 a multiple of 49?
True
Does 18 divide 8172970470?
True
Is 144 a factor of 683645753?
False
Is 26 a factor of 336323988?
True
Is 1534 a factor of 40025703?
False
Is 781 a factor of 1255396582?
True
Does 6 divide 2175559?
False
Does 463 divide 665115262?
False
Is 101 a factor of 512467940?
True
Is 71894155 a multiple of 51?
False
Is 27074348 a multiple of 29?
False
Is 2165328 a multiple of 198?
True
Is 403 a factor of 130416442?
True
Is 125016960 a multiple of 690?
True
Does 2260 divide 16487168?
False
Is 243519367 a multiple of 28?
False
Is 4656133 a multiple of 19?
False
Does 1747 divide 288678361?
False
Is 42133399 a multiple of 338?
False
Is 58 a factor of 285451640?
True
Is 11885 a factor of 3596112551?
False
Is 3618 a factor of 3788585082?
True
Is 1934 a factor of 3450256?
True
Is 112 a factor of 902435184?
True
Is 2695148323 a multiple of 4751?
False
Does 1423 divide 5027459?
True
Does 328 divide 612549076?
False
Is 24189150 a multiple of 10?
True
Is 18702271 a multiple of 49?
True
Does 244 divide 1319134702?
False
Is 203152488 a multiple of 168?
True
Is 136 a factor of 149326896?
False
Is 6718592 a multiple of 64?
True
Is 140 a factor of 24066840?
True
Is 14402131 a multiple of 270?
False
Does 248 divide 674554296?
True
Does 329 divide 16435759?
False
Does 5269 divide 3459120?
False
Is 185774323 a multiple of 66?
False
Is 4 a factor of 1011205848?
True
Is 1580318 a multiple of 2?
True
Does 906 divide 544399092?
True
Is 801356159 a multiple of 3776?
False
Is 22 a factor of 86395827?
False
Does 611 divide 12248106?
True
Is 450 a factor of 12127556?
False
Is 6057304 a multiple of 9?
False
Is 89437573 a multiple of 92?
False
Is 10153194 a multiple of 3951?
False
Does 110 divide 8815243?
False
Does 7 divide 33460826?
True
Is 2052384089 a multiple of 34?
False
Is 8 a factor of 140983863?
False
Does 3602 divide 646133964?
True
Does 38 divide 141751628?
True
Is 766772369 a multiple of 11?
True
Is 344 a factor of 278034945?
False
Does 190 divide 565042140?
True
Is 4237062752 a multiple of 26?
True
Is 24 a factor of 1235904?
True
Is 1759 a factor of 61278264?
False
Does 2101 divide 131980618?
True
Does 743 divide 3313780?
True
Is 461552697 a multiple of 232?
False
Does 272 divide 185982448?
True
Does 16 divide 57645072?
True
Is 36068928 a multiple of 1344?
True
Does 623 divide 13665584?
False
Does 81 divide 607110331?
False
Is 1928662856 a multiple of 3541?
False
Is 136295152 a multiple of 41?
True
Is 1983 a factor of 61452204?
False
Is 199722808 a multiple of 1832?
True
Is 73777456 a multiple of 304?
True
Is 156 a factor of 269182368?
True
Is 914252 a multiple of 34?
False
Is 1584 a factor of 158504206?
False
Does 24 divide 17700168?
True
Does 1387 divide 133728992?
True
Does 63 divide 492883839?
True
Does 146 divide 476504872?
True
Does 451 divide 135454693?
True
Is 185 a factor of 3919190590?
True
Is 13 a factor of 374843404?
True
Does 185 divide 31866840?
False
Does 13 divide 1142944192?
True
Is 316315360 a multiple of 2104?
True
Is 1063 a factor of 27145831?
True
Is 1346766666 a multiple of 42?
True
Does 2102 divide 144233133?
False
Is 370653493 a multiple of 198?
False
Is 91 a factor of 629565391?
True
Is 7 a factor of 191214658?
False
Does 60 divide 15462900?
True
Is 1965064912 a multiple of 43?
True
Does 1320 divide 224329059?
False
Is 8 a factor of 59201640?
True
Is 111 a factor of 110719275?
False
Does 193 divide 65731460?
False
Does 8 divide 16295664?
True
Does 16 divide 138238337?
False
Is 132199546 a multiple of 15?
False
Is 602686288 a multiple of 16?
True
Is 353 a factor of 52988830?
True
Does 7 divide 2441581?
False
Does 451 divide 1278990392?
False
Does 2453 divide 27726259?
True
Is 60 a factor of 277555444?
False
Does 413 divide 55546043?
False
Is 148 a factor of 46896760?
True
Does 175 divide 22596000?
True
Is 2 a factor of 9588324?
True
Is 191 a factor of 55857387?
False
Is 127073653 a multiple of 196?
False
Does 5 divide 12229874?
False
Is 77359298 a multiple of 1102?
True
Is 447669026 a multiple of 9712?
False
Is 144219690 a multiple of 1026?
True
Is 113 a factor of 109304212?
False
Does 5 divide 11793503?
False
Is 4333 a factor of 682139857?
True
Is 138 a factor of 70278432?
True
Is 177 a factor of 253580438?
False
Is 16583736 a multiple of 598?
True
Is 4068531 a multiple of 43?
True
Does 3 divide 9452729?
False
Is 29 a factor of 62358048?
False
Does 7 divide 20596528?
False
Does 85 divide 114860937?
False
Is 115 a factor of 1252235?
True
Is 360107527 a multiple of 1633?
True
Is 30 a factor of 127718280?
True
Does 5410 divide 868295670?
False
Does 2 divide 114919387?
False
Does 207 divide 593376823?
False
Is 280569251 a multiple of 36?
False
Is 828 a factor of 63116784?
True
Is 5065324 a multiple of 836?
True
Is 147 a factor of 1113480721?
False
Is 512886528 a multiple of 192?
True
Is 12 a factor of 21730788?
True
Is 102609104 a multiple of 208?
True
Is 534 a factor of 6472804?
False
Does 19 divide 11737554?
True
Is 1184487024 a multiple of 168?
True
Does 83 divide 536422609?
True
Is 6 a factor of 4664106?
True
Is 22045198 a multiple of 1719?
False
Is 3538525645 a multiple of 5105?
True
Is 1059528672 a multiple of 46?
True
Does 13 divide 293868913?
True
Does 325 divide 21904675?
True
Is 4285 a factor of 1892924460?
True
Does 113 divide 43124190?
True
Is 785 a factor of 45189310?
True
Is 7723505 a multiple of 353?
False
Does 247 divide 39172318?
False
Does 29 divide 199431931?
False
Is 11 a factor of 6928405?
True
Does 3 divide 42367387?
False
Is 3295 a factor of 3537234105?
False
Is 24 a factor of 6873984?
True
Is 625 a factor of 701800?
False
Is 2364 a factor of 120479694?
False
Does 69 divide 11595124?
False
Is 1353 a factor of 52180311?
False
Is 42 a factor of 3650890469?
False
Is 61908 a multiple of 924?
True
Is 958713942 a multiple of 398?
True
Is 2941 a factor of 1162015569?
True
Is 4 a factor of 1986697?
False
Is 17 a factor of 11342611?
False
Is 80 a factor of 55615615?
False
Is 10231764 a multiple of 172?
True
Does 14 divide 1925385?
False
Is 14 a factor of 52954072?
False
Is 2826565 a multiple of 2905?
True
Is 25 a factor of 153719885?
False
Does 40 divide 38312240?
True
Is 271 a factor of 26345920?
False
Is 445 a factor of 920572985?
False
Does 47 divide 24865773?
True
Is 74071530 a multiple of 14?
False
Is 55 a factor of 5592019?
False
Is 4 a factor of 63257853?
False
Is 13 a factor of 671432034?
True
Is